{"id":20,"date":"2016-04-06T00:44:38","date_gmt":"2016-04-05T22:44:38","guid":{"rendered":"http:\/\/www.viennaumzug.at\/umzug\/?page_id=20"},"modified":"2026-02-06T00:47:54","modified_gmt":"2026-02-05T23:47:54","slug":"umzug-in-wien-privatumzug","status":"publish","type":"page","link":"https:\/\/www.viennaumzug.at\/umzug\/umzug-in-wien-privatumzug\/","title":{"rendered":"Umzug in Wien &#8211; Privatumzug"},"content":{"rendered":"<h2><picture class=\"aligncenter wp-image-22 size-full sp-no-webp\"><source srcset=\"https:\/\/www.viennaumzug.at\/umzug\/wp-content\/uploads\/2016\/04\/umzug-privatumzug.webp 1280w\" sizes=\"(max-width: 1280px) 100vw, 1280px\" type=\"image\/webp\"><source srcset=\"https:\/\/www.viennaumzug.at\/umzug\/wp-content\/uploads\/2016\/04\/umzug-privatumzug.jpg 1280w, https:\/\/www.viennaumzug.at\/umzug\/wp-content\/uploads\/2016\/04\/umzug-privatumzug-300x105.jpg 300w, https:\/\/www.viennaumzug.at\/umzug\/wp-content\/uploads\/2016\/04\/umzug-privatumzug-1024x360.jpg 1024w, https:\/\/www.viennaumzug.at\/umzug\/wp-content\/uploads\/2016\/04\/umzug-privatumzug-768x270.jpg 768w\" sizes=\"(max-width: 1280px) 100vw, 1280px\" type=\"image\/jpeg\"><img src=\"http:\/\/www.viennaumzug.at\/umzug\/wp-content\/uploads\/2016\/04\/umzug-privatumzug.jpg\" loading=\"lazy\" class=\"aligncenter wp-image-22 size-full sp-no-webp\" alt=\"Umzug in Wien \u2013 zuverl\u00e4ssiger Privatumzug mit erfahrenen M\u00f6belpackern\" height=\"450\" width=\"1280\" srcset=\"https:\/\/www.viennaumzug.at\/umzug\/wp-content\/uploads\/2016\/04\/umzug-privatumzug.jpg 1280w, https:\/\/www.viennaumzug.at\/umzug\/wp-content\/uploads\/2016\/04\/umzug-privatumzug-300x105.jpg 300w, https:\/\/www.viennaumzug.at\/umzug\/wp-content\/uploads\/2016\/04\/umzug-privatumzug-1024x360.jpg 1024w, https:\/\/www.viennaumzug.at\/umzug\/wp-content\/uploads\/2016\/04\/umzug-privatumzug-768x270.jpg 768w\" sizes=\"(max-width: 1280px) 100vw, 1280px\"><\/picture><\/h2>\n<h2>Der stressfreie Umzug in Wien f\u00fcr gr\u00f6\u00dfere Haushalte.<\/h2>\n<p><span style=\"color: #808080;\"><a href=\"http:\/\/www.viennaumzug.at\">ViennaUmzug<\/a>\u00a0macht Ihnen den Umzug in Wien und \u00d6sterreichweit leicht. Je nachdem, welche Arbeiten Sie selbst \u00fcbernehmen m\u00f6chten, bieten wir Ihnen die <a href=\"http:\/\/www.viennaumzug.at\/umzug\/demontage-und-montage\/\">Demontage und Montage<\/a> von M\u00f6beln, Vorh\u00e4ngen usw. und beraten Sie auch dabei, wie Sie den Umzug kosteng\u00fcnstig gestalten k\u00f6nnen. Wir garantieren transparente Preise ohne zus\u00e4tzliche Kosten f\u00fcr einen Umzug Wien am Samstag. Mit unserem <a href=\"http:\/\/www.viennaumzug.at\/umzug\/anfrageumzug\/\">Umzugformular<\/a> k\u00f6nnen Sie Ihre Anfrage direkt bei uns platzieren?<\/span><\/p>\n<h2>Effiziente \u00dcbersiedlung mit ViennaUmzug \u2013 einfacher als gedacht.<\/h2>\n<p><span style=\"color: #808080;\">Am Besten\u00a0 ist der Umzug, wenn ihn einem Umzugsunternehmen \u00fcberl\u00e4sst. Unsere M\u00f6belpacker\u00a0k\u00fcmmern sich um alles, von der <a href=\"http:\/\/www.viennaumzug.at\/umzug\/umzug-beratung\/\">Planung <\/a>biss zur Durchf\u00fchrung. Allerdings ist das nicht die g\u00fcnstigste Variante. \u00dcbernimmt man zumindest das Packen und Auspacken selbst, wird es nicht mehr ganz so teuer sein. Unsere\u00a0M\u00f6belpacker \u00fcbernehmen f\u00fcr Sie die Komplette <a href=\"http:\/\/www.viennaumzug.at\/umzug\/umzug-beratung\/\">Planung<\/a>, Organisation und die Durchf\u00fchrung Ihres Umzuges. Das <a href=\"http:\/\/www.viennaumzug.at\/umzug\/verpackungsmaterial-umzug\/\">Einpacken<\/a> Ihres <a href=\"http:\/\/www.viennaumzug.at\/umzug\/schwertransport-umzug\/\">Umzugsgutes<\/a>, sch\u00e4tzen aller empfindlichen <a href=\"http:\/\/www.viennaumzug.at\/umzug\/demontage-und-montage\/\">M\u00f6belst\u00fccke<\/a> oder Antiquit\u00e4ten, Ab- und Anbringen von Lampen und Bildern, Demontage und Montage Arbeiten an M\u00f6bel und K\u00fcche und der Versicherte Transport sind einige Leistungsaspekte. Mit modernsten Fahrzeugen und zahlreichen technischen L\u00f6sungen werden wir auch Ihren Umzug in Wien stressfrei und reibungslos bis zur Umarbeitung Ihrer <a href=\"http:\/\/www.viennaumzug.at\/umzug\/demontage-und-montage\/\">M\u00f6bel<\/a> bewerkstelligen.<\/span><\/p>\n<h2>Mit unseren M\u00f6belpackern \u2013 Deutlich mehr Service, sp\u00fcrbar weniger Stress<\/h2>\n<p><span style=\"color: #808080;\">Ver\u00e4ndern Sie sich mit Lust und Laune \u2013 und dem ViennaUmzug\u00a0\u201eKlassik\u201c. Unsere M\u00f6belpacker machen den Umzug besonders leicht. Mit deutlich mehr Leistung. Und deutlich mehr pers\u00f6nlichem <a href=\"http:\/\/www.viennaumzug.at\/umzug\/umzug-beratung\/\">Service<\/a> f\u00fcr Sie. Rufen Sie uns einfach an!<br \/>\nWir <a href=\"http:\/\/www.viennaumzug.at\/umzug\/umzug-beratung\/\">besichtigen<\/a> Ihr Vorhaben. Und erstellen ein exakt auf Sie und Ihre W\u00fcnsche zugeschnittenes <a href=\"http:\/\/www.viennaumzug.at\/umzug\/anfrageumzug\/\">Angebot<\/a>. Denn den gesamten <a href=\"https:\/\/www.moebelpacker.wien\/\" target=\"_blank\" rel=\"noopener\">Umzug<\/a>\u00a0in Wien (vom Verpacken \u00fcber das Verladen, Transportieren und Ausladen bis zum kompletten Wiederaufbau) \u00fcbernehmen ja wir f\u00fcr Sie.<\/span><\/p>\n<div class=\"hrule clearfix\"><\/div>\n<div class=\"row\"> <div class=\"col-md-6\">\n<h5><span style=\"color: #ff0000; font-family: arial, helvetica, sans-serif;\">TEAM A<\/span><\/h5>\n<table class=\"table table-responsive table-striped\">\n<tbody>\n<tr>\n<td><span style=\"color: #03a1fc; font-size: 12pt;\"><span style=\"font-family: arial, helvetica, sans-serif;\"><span style=\"font-family: arial, helvetica, sans-serif;\"><strong>&#8220;Basis&#8221; 2 M\u00f6belpacker + LKW<\/strong><\/span><\/span><\/span><\/td>\n<td style=\"text-align: right;\"><span style=\"font-family: arial, helvetica, sans-serif; color: #03a1fc; font-size: 14pt;\"><b>70\u20ac Std.*<\/b><\/span><\/td>\n<\/tr>\n<tr>\n<td><span style=\"font-family: arial, helvetica, sans-serif; color: #808080;\"><span style=\"font-size: 13.3333px;\"><b>Demontage und Montage<\/b><\/span><\/span><\/td>\n<td style=\"text-align: right;\"><span style=\"font-family: arial, helvetica, sans-serif; color: #808080;\"><span style=\"font-size: 13.3333px;\"><b>Versicherung<\/b><\/span><\/span><\/td>\n<\/tr>\n<tr>\n<td><span style=\"font-size: 10pt; font-family: arial, helvetica, sans-serif; color: #808080;\"><strong>kein An.-Abfahrtskosten in Raum von Wien<\/strong><\/span><\/td>\n<td style=\"text-align: right;\"><span style=\"font-size: 10pt; font-family: arial, helvetica, sans-serif; color: #808080;\"><strong>kein Diesel und Kilometer<\/strong><\/span><\/td>\n<\/tr>\n<tr>\n<td><span style=\"color: #808080;\"><span style=\"font-family: arial, helvetica, sans-serif;\"><span style=\"font-family: arial, helvetica, sans-serif;\"><span style=\"font-size: 13.3333px;\"><b>Kein\u00a0<\/b><\/span><\/span><\/span><span style=\"font-family: arial, helvetica, sans-serif;\"><span style=\"font-size: 13.3333px;\"><b>Wochenendzuschlag.\u00a0<\/b><\/span><\/span><\/span><\/td>\n<td style=\"text-align: right;\"><span style=\"font-size: 10pt; font-family: arial, helvetica, sans-serif; color: #808080;\"><strong>kein Stockwerk Zuschlag<\/strong><\/span><\/td>\n<\/tr>\n<\/tbody>\n<\/table>\n<\/div><div class=\"col-md-6\">\n<h5><span style=\"color: #ff0000; font-family: arial, helvetica, sans-serif;\">TEAM B<\/span><\/h5>\n<table class=\"table table-responsive table-striped\">\n<tbody>\n<tr>\n<td><span style=\"color: #03a1fc;\"><span style=\"font-size: 12pt; font-family: arial, helvetica, sans-serif;\"><span style=\"font-family: arial, helvetica, sans-serif;\"><strong>&#8220;Standard&#8221; 3 M\u00f6belpacker + LKW<\/strong><\/span><\/span><span style=\"font-size: 10pt; font-family: arial, helvetica, sans-serif;\"><strong>\u00a0<\/strong><\/span><\/span><\/td>\n<td style=\"text-align: right;\"><span style=\"color: #03a1fc; font-size: 14pt; font-family: arial, helvetica, sans-serif;\"><b>90\u20ac Std.*<\/b><\/span><\/td>\n<\/tr>\n<tr>\n<td><span style=\"font-family: arial, helvetica, sans-serif; font-size: 10pt; color: #808080;\"><b><b>Demontage und Montage<\/b><\/b><\/span><\/td>\n<td style=\"text-align: right;\"><span style=\"font-size: 10pt; font-family: arial, helvetica, sans-serif; color: #808080;\"><strong><b>Versicherung<\/b><\/strong><\/span><\/td>\n<\/tr>\n<tr>\n<td><span style=\"font-size: 10pt; font-family: arial, helvetica, sans-serif; color: #808080;\"><strong><strong>kein An.-Abfahrtskosten in Raum von Wien<\/strong><\/strong><\/span><\/td>\n<td style=\"text-align: right;\"><span style=\"font-size: 10pt; font-family: arial, helvetica, sans-serif; color: #808080;\"><strong><strong>kein Diesel und Kilometer<\/strong><\/strong><\/span><\/td>\n<\/tr>\n<tr>\n<td><span style=\"font-family: arial, helvetica, sans-serif; font-size: 10pt; color: #808080;\"><b><b>Kein\u00a0<\/b><b>Wochenendzuschlag.<\/b><\/b><\/span><\/td>\n<td style=\"text-align: right;\"><span style=\"font-size: 10pt; font-family: arial, helvetica, sans-serif; color: #808080;\"><strong>kein Stockwerk Zuschlag<\/strong><\/span><\/td>\n<\/tr>\n<\/tbody>\n<\/table>\n<p><span style=\"font-size: 10pt; font-family: arial, helvetica, sans-serif;\"><\/div><\/div><\/span><\/p>\n<ul>\n<li><span style=\"font-size: 9pt; font-family: arial, helvetica, sans-serif;\">*Alle Preise inkl.\u00a020% MwSt.\u00a0<\/span><\/li>\n<li><span style=\"font-size: 9pt; font-family: arial, helvetica, sans-serif;\">*2 Stunden Mindestbuchungszeit<\/span><\/li>\n<\/ul>\n<hr \/>\n<p style=\"text-align: center;\"><span style=\"font-size: 12pt; color: #808080;\">JETZT UMZUG-ANFRAGE STARTEN UND EIN UNVERBINDLICHES ANGEBOT ERHALTEN. \u00a0NAT\u00dcRLICH K\u00d6NNEN SIE DIE ANFRAGE <\/span><\/p>\n<p style=\"text-align: center;\"><span style=\"color: #808080; font-size: 12pt;\">AUCH DIREKT BEI UNS PER TELEFON T\u00c4TIGEN.<\/span><\/p>\n<p style=\"text-align: center;\"><span style=\"font-size: 12pt; color: #808080;\"><strong>BERATUNGSTELEFON: MO\u2013FR 08.00\u201318.00 UHR, SA 08.00\u201313.00 UHR:\u00a001 990 27 30<\/strong><\/span><\/p>\n<hr \/>\n<p style=\"text-align: center;\"><div class=\"row\"> <div class=\"col-md-4\">\n<p style=\"text-align: center;\"><a href=\"http:\/\/www.viennaumzug.at\/umzug\/anfrageumzug\/\"><i class=\"icon-envelope-alt\" style=\"font-size:54px; color:#FF0000;\"><\/i><\/a><\/p>\n<p style=\"text-align: center;\">Anfrage<\/p>\n<p style=\"text-align: center;\"><\/div><div class=\"col-md-4\">\n<p style=\"text-align: center;\"><a href=\"http:\/\/www.viennaumzug.at\/umzug\/preisliste-umzug-uebersiedlung\/\"><i class=\"icon-eur\" style=\"font-size:54px; color:#FF0000;\"><\/i><\/a><\/p>\n<p style=\"text-align: center;\">Preise<\/p>\n<p style=\"text-align: center;\"><\/div><div class=\"col-md-4\">\n<p style=\"text-align: center;\"><a href=\"http:\/\/www.viennaumzug.at\/umzug\/verpackungsmaterial-umzug\/\"><i class=\"icon-dropbox\" style=\"font-size:54px; color:#FF0000;\"><\/i><\/a><\/p>\n<p style=\"text-align: center;\">Verpackung<\/p>\n<p style=\"text-align: center;\"><\/div><\/div>\n<hr \/>\n<p style=\"text-align: center;\"><div class=\"row\"> <div class=\"col-md-3\">\n<p style=\"text-align: center;\"><img loading=\"lazy\" class=\"aligncenter wp-image-445 size-full\" src=\"http:\/\/www.viennaumzug.at\/umzug\/wp-content\/uploads\/2016\/04\/umzug-privatumzug-moebelpacker-1.jpg\" alt=\"Unsere ausgebildete M\u00f6belpacker, erledigen alle aufgaben ohne wenn und aber.\" width=\"370\" height=\"220\" srcset=\"https:\/\/www.viennaumzug.at\/umzug\/wp-content\/uploads\/2016\/04\/umzug-privatumzug-moebelpacker-1.jpg 370w, https:\/\/www.viennaumzug.at\/umzug\/wp-content\/uploads\/2016\/04\/umzug-privatumzug-moebelpacker-1-300x178.jpg 300w\" sizes=\"(max-width: 370px) 100vw, 370px\" \/><\/p>\n<p style=\"text-align: center;\"><\/div><div class=\"col-md-3\">\n<p style=\"text-align: center;\"><picture class=\"aligncenter wp-image-446 size-full sp-no-webp\"><source srcset=\"https:\/\/www.viennaumzug.at\/umzug\/wp-content\/uploads\/2016\/04\/umzug-privatumzug-moebelpacker.webp 370w\" sizes=\"(max-width: 370px) 100vw, 370px\" type=\"image\/webp\"><source srcset=\"https:\/\/www.viennaumzug.at\/umzug\/wp-content\/uploads\/2016\/04\/umzug-privatumzug-moebelpacker.jpg 370w, https:\/\/www.viennaumzug.at\/umzug\/wp-content\/uploads\/2016\/04\/umzug-privatumzug-moebelpacker-300x178.jpg 300w\" sizes=\"(max-width: 370px) 100vw, 370px\" type=\"image\/jpeg\"><img src=\"http:\/\/www.viennaumzug.at\/umzug\/wp-content\/uploads\/2016\/04\/umzug-privatumzug-moebelpacker.jpg\" loading=\"lazy\" class=\"aligncenter wp-image-446 size-full sp-no-webp\" alt=\"Mt Profi Werkzeug und Umzugshilfsmitteln unsere M\u00f6belpacker erledigen jeden Umzug ohne Problemen.\" height=\"220\" width=\"370\" srcset=\"https:\/\/www.viennaumzug.at\/umzug\/wp-content\/uploads\/2016\/04\/umzug-privatumzug-moebelpacker.jpg 370w, https:\/\/www.viennaumzug.at\/umzug\/wp-content\/uploads\/2016\/04\/umzug-privatumzug-moebelpacker-300x178.jpg 300w\" sizes=\"(max-width: 370px) 100vw, 370px\"><\/picture><\/p>\n<p style=\"text-align: center;\"><\/div><div class=\"col-md-3\">\n<p style=\"text-align: center;\"><img loading=\"lazy\" class=\"aligncenter wp-image-447 size-full\" src=\"http:\/\/www.viennaumzug.at\/umzug\/wp-content\/uploads\/2016\/04\/umzug-wien-privatumzug-moebelpacker.jpg\" alt=\"Ausgebildet zum Tragen, Ihre M\u00f6bel ist in guten H\u00e4nde. \" width=\"370\" height=\"220\" srcset=\"https:\/\/www.viennaumzug.at\/umzug\/wp-content\/uploads\/2016\/04\/umzug-wien-privatumzug-moebelpacker.jpg 370w, https:\/\/www.viennaumzug.at\/umzug\/wp-content\/uploads\/2016\/04\/umzug-wien-privatumzug-moebelpacker-300x178.jpg 300w\" sizes=\"(max-width: 370px) 100vw, 370px\" \/><\/p>\n<p style=\"text-align: center;\"><\/div><div class=\"col-md-3\">\n<p style=\"text-align: center;\"><img loading=\"lazy\" class=\"aligncenter wp-image-448 size-full\" src=\"http:\/\/www.viennaumzug.at\/umzug\/wp-content\/uploads\/2016\/04\/umzug-privatumzug-moebelpacker-2.jpg\" alt=\"Alles eingepackt, gesch\u00fctzt und bereit f\u00fcr den Umzug.\" width=\"370\" height=\"220\" srcset=\"https:\/\/www.viennaumzug.at\/umzug\/wp-content\/uploads\/2016\/04\/umzug-privatumzug-moebelpacker-2.jpg 370w, https:\/\/www.viennaumzug.at\/umzug\/wp-content\/uploads\/2016\/04\/umzug-privatumzug-moebelpacker-2-300x178.jpg 300w\" sizes=\"(max-width: 370px) 100vw, 370px\" \/><\/p>\n<p style=\"text-align: center;\"><\/div><\/div>\n","protected":false},"excerpt":{"rendered":"<p>Der stressfreie Umzug in Wien f\u00fcr gr\u00f6\u00dfere Haushalte. ViennaUmzug\u00a0macht Ihnen den Umzug in Wien und \u00d6sterreichweit leicht. Je nachdem, welche Arbeiten Sie selbst \u00fcbernehmen m\u00f6chten, bieten wir Ihnen die Demontage und Montage von M\u00f6beln, Vorh\u00e4ngen usw. und beraten Sie auch &hellip; <a href=\"https:\/\/www.viennaumzug.at\/umzug\/umzug-in-wien-privatumzug\/\">Weiter<\/a><\/p>\n","protected":false},"author":2,"featured_media":0,"parent":0,"menu_order":0,"comment_status":"closed","ping_status":"closed","template":"page-fullwidth.php","meta":{"kt_blocks_editor_width":""},"featured_image_urls":{"full":"","thumbnail":"","medium":"","medium_large":"","large":"","1536x1536":"","2048x2048":"","widget-thumb":""},"post_excerpt_stackable":"<p>Der stressfreie Umzug in Wien f\u00fcr gr\u00f6\u00dfere Haushalte. ViennaUmzug\u00a0macht Ihnen den Umzug in Wien und \u00d6sterreichweit leicht. Je nachdem, welche Arbeiten Sie selbst \u00fcbernehmen m\u00f6chten, bieten wir Ihnen die Demontage und Montage von M\u00f6beln, Vorh\u00e4ngen usw. und beraten Sie auch dabei, wie Sie den Umzug kosteng\u00fcnstig gestalten k\u00f6nnen. Wir garantieren transparente Preise ohne zus\u00e4tzliche Kosten f\u00fcr einen Umzug Wien am Samstag. Mit unserem Umzugformular k\u00f6nnen Sie Ihre Anfrage direkt bei uns platzieren? Effiziente \u00dcbersiedlung mit ViennaUmzug \u2013 einfacher als gedacht. Am Besten\u00a0 ist der Umzug, wenn ihn einem Umzugsunternehmen \u00fcberl\u00e4sst. Unsere M\u00f6belpacker\u00a0k\u00fcmmern sich um alles, von der Planung biss zur&hellip;<\/p>\n","category_list":"","author_info":{"name":"ViennaUmzug","url":"https:\/\/www.viennaumzug.at\/umzug\/author\/viennaumzug\/"},"comments_num":"0 comments","featured_image_urls_v2":{"full":"","thumbnail":"","medium":"","medium_large":"","large":"","1536x1536":"","2048x2048":"","widget-thumb":""},"post_excerpt_stackable_v2":"<p>Der stressfreie Umzug in Wien f\u00fcr gr\u00f6\u00dfere Haushalte. ViennaUmzug\u00a0macht Ihnen den Umzug in Wien und \u00d6sterreichweit leicht. Je nachdem, welche Arbeiten Sie selbst \u00fcbernehmen m\u00f6chten, bieten wir Ihnen die Demontage und Montage von M\u00f6beln, Vorh\u00e4ngen usw. und beraten Sie auch dabei, wie Sie den Umzug kosteng\u00fcnstig gestalten k\u00f6nnen. Wir garantieren transparente Preise ohne zus\u00e4tzliche Kosten f\u00fcr einen Umzug Wien am Samstag. Mit unserem Umzugformular k\u00f6nnen Sie Ihre Anfrage direkt bei uns platzieren? Effiziente \u00dcbersiedlung mit ViennaUmzug \u2013 einfacher als gedacht. Am Besten\u00a0 ist der Umzug, wenn ihn einem Umzugsunternehmen \u00fcberl\u00e4sst. Unsere M\u00f6belpacker\u00a0k\u00fcmmern sich um alles, von der Planung biss zur&hellip;<\/p>\n","category_list_v2":"","author_info_v2":{"name":"ViennaUmzug","url":"https:\/\/www.viennaumzug.at\/umzug\/author\/viennaumzug\/"},"comments_num_v2":"0 comments","amp_enabled":false,"_links":{"self":[{"href":"https:\/\/www.viennaumzug.at\/umzug\/wp-json\/wp\/v2\/pages\/20"}],"collection":[{"href":"https:\/\/www.viennaumzug.at\/umzug\/wp-json\/wp\/v2\/pages"}],"about":[{"href":"https:\/\/www.viennaumzug.at\/umzug\/wp-json\/wp\/v2\/types\/page"}],"author":[{"embeddable":true,"href":"https:\/\/www.viennaumzug.at\/umzug\/wp-json\/wp\/v2\/users\/2"}],"replies":[{"embeddable":true,"href":"https:\/\/www.viennaumzug.at\/umzug\/wp-json\/wp\/v2\/comments?post=20"}],"version-history":[{"count":61,"href":"https:\/\/www.viennaumzug.at\/umzug\/wp-json\/wp\/v2\/pages\/20\/revisions"}],"predecessor-version":[{"id":2488,"href":"https:\/\/www.viennaumzug.at\/umzug\/wp-json\/wp\/v2\/pages\/20\/revisions\/2488"}],"wp:attachment":[{"href":"https:\/\/www.viennaumzug.at\/umzug\/wp-json\/wp\/v2\/media?parent=20"}],"curies":[{"name":"wp","href":"https:\/\/api.w.org\/{rel}","templated":true}]}}