{"id":200,"date":"2016-04-10T23:49:38","date_gmt":"2016-04-10T21:49:38","guid":{"rendered":"http:\/\/www.viennaumzug.at\/umzug\/?page_id=200"},"modified":"2022-04-25T14:44:34","modified_gmt":"2022-04-25T12:44:34","slug":"umzug-beratung","status":"publish","type":"page","link":"https:\/\/www.viennaumzug.at\/umzug\/umzug-beratung\/","title":{"rendered":"Umzug und Beratung"},"content":{"rendered":"\n<div class=\"wp-block-image\"><figure class=\"aligncenter\"><img loading=\"lazy\" width=\"1280\" height=\"450\" src=\"http:\/\/www.viennaumzug.at\/umzug\/wp-content\/uploads\/2016\/04\/umzug-beratung.jpg\" alt=\"Beratung f\u00fcr den Umzug und \u00dcbersiedlung \" class=\"wp-image-201\" srcset=\"https:\/\/www.viennaumzug.at\/umzug\/wp-content\/uploads\/2016\/04\/umzug-beratung.jpg 1280w, https:\/\/www.viennaumzug.at\/umzug\/wp-content\/uploads\/2016\/04\/umzug-beratung-300x105.jpg 300w, https:\/\/www.viennaumzug.at\/umzug\/wp-content\/uploads\/2016\/04\/umzug-beratung-1024x360.jpg 1024w, https:\/\/www.viennaumzug.at\/umzug\/wp-content\/uploads\/2016\/04\/umzug-beratung-768x270.jpg 768w\" sizes=\"(max-width: 1280px) 100vw, 1280px\" \/><\/figure><\/div>\n\n\n\n<hr class=\"wp-block-separator\"\/>\n\n\n\n<p><span style=\"color: #808080;\"><strong>Wir beraten Sie kostenlos und unverbindlich vor Ort und sprechen im Detail alle notwendigen Schritte durch. Von der Organisation bis hin zur Durchf\u00fchrung sind Sie damit auf der sicheren Seite. Wir beraten Sie gerne genauso bei Fragen zur Umzug, \u00dcbersiedlung, Demontage und Montage<\/strong>.<\/span><\/p>\n\n\n\n<h3>Umzugs Beratung und Betreuung. Planung, \u00dcbersiedlung, wir beraten Sie gern.<\/h3>\n\n\n\n<p><span style=\"color: #808080;\">Bei einer Umzugsberatung k\u00fcmmert sich Ihr pers\u00f6nlicher Umzugsberater um alle Aspekte Ihres Umzugs. Leistungsinhalt seiner T\u00e4tigkeit ist die \u00dcberwachung, Planung und Begleitung des Umzugs von Anfang an bis zum Ende. Hierbei werden viele offene Fragen bereits beim ersten Kontakt seri\u00f6s beantwortet und eventuelle \u00c4ngste durch klare L\u00f6sungsvorschl\u00e4ge zerstreut. Kleinere Umz\u00fcge k\u00f6nnen bei normalen Transportverh\u00e4ltnissen sofort telefonisch offeriert werden. Bei gr\u00f6\u00dferen Umz\u00fcgen kommt einer unserer Umzugsberater pers\u00f6nlich bei Ihnen zuhause vorbei.<\/span><\/p>\n\n\n\n<h3>Was unsere Umzugsberater leisten und was sie Ihnen ersparen.<\/h3>\n\n\n\n<p><span style=\"color: #808080;\">Umzugsberater beraten als Kontaktpersonen des Kunden bei allen Fragen, die im Zusammenhang mit einem Umzug auftreten k\u00f6nnen. Der erste Schritt der T\u00e4tigkeit ist die Analyse des ben\u00f6tigten Leistungsumfangs vor Ort. Aufgrund Ihrer individuellen W\u00fcnsche erarbeiten Umzugsberater anschlie\u00dfend einen kompletten Umzugsplan. Kostenersparnis ist ein wesentliche Faktor: Unsere Experten machen sich ein neutrales pr\u00e4zises und objektives Gesamtbild der Situation vor Ort. Deshalb sind Sie sicher vor unliebsamen \u00dcberraschungen: Keine nachtr\u00e4glich f\u00e4llig werdenden Zusatzleistungen, die auf eine falsche Datenbasis zur\u00fcckzuf\u00fchren sind.<\/span><\/p>\n\n\n\n<h3>Umzugsplanung.&nbsp;Alles an einem Platz.<\/h3>\n\n\n\n<p><span style=\"color: #808080;\">Das gemeinsame Beratungsgespr\u00e4ch gibt uns Aufschluss \u00fcber die zu t\u00e4tigenden Leistungen, so dass Sie eine exakte Analyse und Aufstellung der erforderlichen Schritte f\u00fcr Ihren Umzug erhalten. Das anschlie\u00dfende Angebot f\u00fcr den Umzug, welches Ihnen innerhalb von 42 Stunden vorliegt, enth\u00e4lt die einzelnen Positionen \u00fcbersichtlich aufgeschl\u00fcsselt. Die Transparenz im Angebot liegt uns sehr am Herzen, denn Umzug ist f\u00fcr uns in jeder Hinsicht Vertrauenssache. F\u00fcr Sie bedeutet das maximale Transparenz und Kalkulierbarkeit von der ersten Minute Ihres Umzuges an.<\/span><\/p>\n\n\n\n<hr class=\"wp-block-separator\"\/>\n\n\n\n<p class=\"has-text-align-center\"><span style=\"font-size: 12pt;\"><span style=\"color: #c21b1b;\"><span style=\"color: #808080;\" class=\"stk-highlight\">JETZT UMZUG-ANFRAGE STARTEN UND EIN UNVERBINDLICHES ANGEBOT ERHALTEN. \u00a0NAT\u00dcRLICH K\u00d6NNEN SIE DIE ANFRAGE <\/span><\/span><\/span><\/p>\n\n\n\n<p class=\"has-text-align-center\"><span style=\"color: #c21b1b; font-size: 12pt;\"><span style=\"color: #808080;\" class=\"stk-highlight\">AUCH DIREKT BEI UNS PER TELEFON T\u00c4TIGEN.<\/span><\/span><\/p>\n\n\n\n<p class=\"has-text-align-center\"><span style=\"font-size: 12pt;\"><strong><span style=\"color: #c21b1b;\"><span style=\"color: #808080;\" class=\"stk-highlight\">BERATUNGSTELEFON: MO\u2013FR 08.00\u201318.00 UHR, SA 08.00\u201313.00 UHR:\u00a001 990 27 30<\/span><\/span><\/strong><\/span><\/p>\n\n\n\n<hr class=\"wp-block-separator\"\/>\n\n\n<div class=\"row\"> <div class=\"col-md-4\">\n<p style=\"text-align: center;\"><a href=\"http:\/\/www.viennaumzug.at\/umzug\/anfrageumzug\/\"><i class=\"icon-envelope-alt\" style=\"font-size:54px; color:#FF0000;\"><\/i><\/a><\/p>\n<p style=\"text-align: center;\">Anfrage<\/p>\n<p style=\"text-align: center;\"><\/div><div class=\"col-md-4\">\n<p style=\"text-align: center;\"><a href=\"http:\/\/www.viennaumzug.at\/umzug\/preisliste-umzug-uebersiedlung\/\"><i class=\"icon-eur\" style=\"font-size:54px; color:#FF0000;\"><\/i><\/a><\/p>\n<p style=\"text-align: center;\">Preise<\/p>\n<p style=\"text-align: center;\"><\/div><div class=\"col-md-4\">\n<p style=\"text-align: center;\"><a href=\"http:\/\/www.viennaumzug.at\/umzug\/verpackungsmaterial-umzug\/\"><i class=\"icon-dropbox\" style=\"font-size:54px; color:#FF0000;\"><\/i><\/a><\/p>\n<p style=\"text-align: center;\">Verpackung<\/p>\n<p style=\"text-align: center;\"><\/div><\/div>\n\n\n\n<hr class=\"wp-block-separator\"\/>\n","protected":false},"excerpt":{"rendered":"<p>Wir beraten Sie kostenlos und unverbindlich vor Ort und sprechen im Detail alle notwendigen Schritte durch. Von der Organisation bis hin zur Durchf\u00fchrung sind Sie damit auf der sicheren Seite. Wir beraten Sie gerne genauso bei Fragen zur Umzug, \u00dcbersiedlung, &hellip; <a href=\"https:\/\/www.viennaumzug.at\/umzug\/umzug-beratung\/\">Weiter<\/a><\/p>\n","protected":false},"author":2,"featured_media":0,"parent":0,"menu_order":0,"comment_status":"closed","ping_status":"closed","template":"page-fullwidth.php","meta":{"kt_blocks_editor_width":""},"featured_image_urls":{"full":"","thumbnail":"","medium":"","medium_large":"","large":"","1536x1536":"","2048x2048":"","widget-thumb":""},"post_excerpt_stackable":"<p>Wir beraten Sie kostenlos und unverbindlich vor Ort und sprechen im Detail alle notwendigen Schritte durch. Von der Organisation bis hin zur Durchf\u00fchrung sind Sie damit auf der sicheren Seite. Wir beraten Sie gerne genauso bei Fragen zur Umzug, \u00dcbersiedlung, Demontage und Montage. Umzugs Beratung und Betreuung. Planung, \u00dcbersiedlung, wir beraten Sie gern. Bei einer Umzugsberatung k\u00fcmmert sich Ihr pers\u00f6nlicher Umzugsberater um alle Aspekte Ihres Umzugs. Leistungsinhalt seiner T\u00e4tigkeit ist die \u00dcberwachung, Planung und Begleitung des Umzugs von Anfang an bis zum Ende. Hierbei werden viele offene Fragen bereits beim ersten Kontakt seri\u00f6s beantwortet und eventuelle \u00c4ngste durch klare L\u00f6sungsvorschl\u00e4ge&hellip;<\/p>\n","category_list":"","author_info":{"name":"ViennaUmzug","url":"https:\/\/www.viennaumzug.at\/umzug\/author\/viennaumzug\/"},"comments_num":"0 comments","featured_image_urls_v2":{"full":"","thumbnail":"","medium":"","medium_large":"","large":"","1536x1536":"","2048x2048":"","widget-thumb":""},"post_excerpt_stackable_v2":"<p>Wir beraten Sie kostenlos und unverbindlich vor Ort und sprechen im Detail alle notwendigen Schritte durch. Von der Organisation bis hin zur Durchf\u00fchrung sind Sie damit auf der sicheren Seite. Wir beraten Sie gerne genauso bei Fragen zur Umzug, \u00dcbersiedlung, Demontage und Montage. Umzugs Beratung und Betreuung. Planung, \u00dcbersiedlung, wir beraten Sie gern. Bei einer Umzugsberatung k\u00fcmmert sich Ihr pers\u00f6nlicher Umzugsberater um alle Aspekte Ihres Umzugs. Leistungsinhalt seiner T\u00e4tigkeit ist die \u00dcberwachung, Planung und Begleitung des Umzugs von Anfang an bis zum Ende. Hierbei werden viele offene Fragen bereits beim ersten Kontakt seri\u00f6s beantwortet und eventuelle \u00c4ngste durch klare L\u00f6sungsvorschl\u00e4ge&hellip;<\/p>\n","category_list_v2":"","author_info_v2":{"name":"ViennaUmzug","url":"https:\/\/www.viennaumzug.at\/umzug\/author\/viennaumzug\/"},"comments_num_v2":"0 comments","amp_enabled":false,"_links":{"self":[{"href":"https:\/\/www.viennaumzug.at\/umzug\/wp-json\/wp\/v2\/pages\/200"}],"collection":[{"href":"https:\/\/www.viennaumzug.at\/umzug\/wp-json\/wp\/v2\/pages"}],"about":[{"href":"https:\/\/www.viennaumzug.at\/umzug\/wp-json\/wp\/v2\/types\/page"}],"author":[{"embeddable":true,"href":"https:\/\/www.viennaumzug.at\/umzug\/wp-json\/wp\/v2\/users\/2"}],"replies":[{"embeddable":true,"href":"https:\/\/www.viennaumzug.at\/umzug\/wp-json\/wp\/v2\/comments?post=200"}],"version-history":[{"count":18,"href":"https:\/\/www.viennaumzug.at\/umzug\/wp-json\/wp\/v2\/pages\/200\/revisions"}],"predecessor-version":[{"id":2369,"href":"https:\/\/www.viennaumzug.at\/umzug\/wp-json\/wp\/v2\/pages\/200\/revisions\/2369"}],"wp:attachment":[{"href":"https:\/\/www.viennaumzug.at\/umzug\/wp-json\/wp\/v2\/media?parent=200"}],"curies":[{"name":"wp","href":"https:\/\/api.w.org\/{rel}","templated":true}]}}